 = -4*a. Let w(s) = 3*s - a + 9 + 2*s**2. Calculate w(-2).
2
Let x be ((-6)/(-3))/(80/200). Let d(v) = -v**2 + 6*v - 4. Give d(x).
1
Let y(b) = -b**3 - 1. Let q be ((2/3)/((-8)/12))/(-1). Let x(i) = -2*i**3 - 2*i**2 - i - 1. Let m(h) = q*y(h) + x(h). Give m(-2).
16
Let z(n) be the second derivative of -1/2*n**3 + 1/8*n**4 - n + 1/60*n**5 + 0 - 1/40*n**6 - 13/2*n**2. Let w(i) be the first derivative of z(i). Determine w(2).
-17
Suppose 0 = 5*w - 4*l, 38*w + 2*l + 6 = 39*w. Let s(a) = -a**2 - 2*a + 4. Calculate s(w).
-4
Let f(h) = 4*h - 2. Suppose -4*s - 82 - 15 = -5*d, -2*d = s - 44. Suppose -d = 14*k - 7*k. Determine f(k).
-14
Let x(n) = -2*n**2 + 2*n + 1. Let r = 33 + -28. Suppose -r*v + 0 - 14 = 3*o, 5*o = 3*v - 12. Give x(v).
-3
Let b(d) be the first derivative of -d**4/4 + 3*d**3 + 6*d**2 - 17*d - 324. Calculate b(10).
3
Let m(c) = 19*c - 1. Let l(d) = 22*d - 1. Let k(b) = 6*l(b) - 7*m(b). What is k(1)?
0
Let f(v) = -v**2 - v. Let n(j) = 3*j**2 + 19*j - 14. Let q(l) = 4*f(l) + n(l). What is q(10)?
36
Let o(u) be the first derivative of -u**4/4 + 4*u**3/3 + 5*u - 6. Suppose 3*d - 3*v - 21 = 0, 4*d + 2*v - 4 = -2*v. What is o(d)?
5
Let k(v) = 2*v - 15. Let q be 7*(-25)/(-70)*4. Determine k(q).
5
Let q(t) be the second derivative of -5*t**4/12 + 7*t**3/3 - t**2 + 2*t. Let c(g) = 14*g**2 - 41*g + 6. Let s(b) = 4*c(b) + 11*q(b). What is s(9)?
-7
Let l(d) = 49477*d**2 - 5 - 49475*d**2 + 2. Calculate l(2).
5
Let b(q) be the first derivative of 2*q**3/3 - 9*q**2 + 2*q - 375. Calculate b(9).
2
Let r(m) = 7*m**2 + 4*m. Let g(t) = 38*t**2 + 20*t - 2. Let s(l) = -2*g(l) + 11*r(l). Suppose -j = -4*n - 0*j - 15, 2*n + 4*j + 30 = 0. Calculate s(n).
9
Let p(h) = h**2 + h. Suppose n + 13 = 4*q, 0 = -5*q - 3*n - 0*n - 5. Let t(z) = 3*z**2 + 11*z - 9. Let v(r) = q*p(r) - t(r). What is v(-11)?
-13
Suppose 5*b - 2*b + 9 = 0. Let o be 18/(-4)*(-8)/12. Let i(m) = -2 + 3*m**2 - 1 + m + m**o + m**3 - m**3. Give i(b).
-6
Let g(o) = o**3 - 5*o**2 - 3*o - 2. Suppose 6*s - 5 = -3*x + 8*s, s = -4*x + 25. Give g(x).
-17
Let p(h) = -7*h - 13. Let t(z) = 15*z + 27. Let q(f) = 13*p(f) + 6*t(f). Suppose -1 = -5*a + 4. Let y be -10 - -6 - (a - -1). Give q(y).
-1
Let z(m) = 2*m - 16. Let d be z(11). Let h(o) = o**2 + o + 1. Let x(l) = -7*l**2 - l - 6. Let b(q) = d*h(q) + x(q). Calculate b(7).
-14
Let f be 6/4*(-176)/132. Let u(h) = -19*h + 1. What is u(f)?
39
Let f(m) = -2*m**3 - 19*m**2 + 11*m + 16. Let o be f(-10). Let u(w) = -w**2 + 5*w - 2. Calculate u(o).
-8
Let p(o) = 3 + 31*o - 16*o - 17*o. What is p(2)?
-1
Suppose 4*k + 27 = -4*z + 5*k, z - 3 = -3*k. Let y(n) = n - 7 - 4 - 6 + 13. Calculate y(z).
-10
Let y(v) be the first derivative of -v**4/4 - 2*v**3 - 3*v**2 - 4*v - 16. Suppose 20*r + r + 84 = 0. Calculate y(r).
-12
Let z(m) = 4*m**3 - 4*m**2 - 3*m - 9. Let w(v) = -11*v**3 + 13*v**2 + 8*v + 26. Let n(r) = -3*w(r) - 8*z(r). Let f be (5/(-25))/((-27)/945). Determine n(f).
-6
Let d(x) = x + 9. Let r = -342 + 342. Calculate d(r).
9
Suppose 30 - 30 = -4*u. Let n(l) = -2*l + 2*l**3 - l**3 + 0*l**2 - l**2 + 3*l. Calculate n(u).
0
Suppose 3*v = -v + 24. Let i(q) = -4*q**3 - 4*q - 4 - 6*q**2 + v + 3*q**3 + 0. Suppose w - 4*w - 5 = -5*o, -35 = 5*w + 5*o. Give i(w).
-3
Let y(j) = j**3 + 5*j**2 - 4*j - 2. Let p(k) = -k**3 - k**2 + k + 2. Let h(q) = -2*p(q) - y(q). Determine h(2).
-2
Let o(l) be the third derivative of -l**6/80 - l**5/120 + l**4/12 + 10*l**2. Let w(y) be the second derivative of o(y). Calculate w(-1).
8
Suppose -2*w - i = 20, 77 = -3*w + 4*i + 69. Let q(p) = p**2 + 8*p - 11. Give q(w).
-11
Let u = 0 - -4. Let q(d) be the third derivative of d**4/24 - 2*d**3/3 - 22*d**2. Give q(u).
0
Let a(f) = f**2 - 2*f - 3. Suppose 16 = 6*k - 2*k. Give a(k).
5
Let b = 107 + -119. Let g be (40/b)/(2/(-3)). Let f(c) = -2*c + 3. What is f(g)?
-7
Let i(r) = -r**2 + 6*r. Let q be -3 - -16 - (6 - 1). Give i(q).
-16
Let y = -43 + 45. Let n(g) = -1. Let w(d) = -7*d - 1. Let k(z) = -2*n(z) + w(z). Calculate k(y).
-13
Let x(f) = -f**3 + 11*f**2 + 10*f + 4. Let p(t) = -t**3 + 13*t**2 + 11*t + 5. Let v(h) = 2*p(h) - 3*x(h). Determine v(7).
-58
Let p(o) = o**3 - 3*o**2 + 3*o - 4. Let b = 25 - -94. Let r = b + -116. What is p(r)?
5
Let j(n) = -6*n**2 + 4*n + 16 - 1 - 10 + n**3. Let f = 57 + -25. Suppose 5*t + 7 = f. Determine j(t).
0
Let q(c) = 56*c**3 - 14*c - 22. Let t(x) = -8*x**3 + 2*x + 3. Let o(h) = -2*q(h) - 15*t(h). What is o(-1)?
-7
Let g(b) = -b - 2. Suppose -29 = -17*p + 141. Give g(p).
-12
Let b(d) = 8*d - 10 + d**2 + 18 + 2*d - 12. Give b(-8).
-20
Suppose -144 = -5*g - 104. Let r(b) = -b + 3. What is r(g)?
-5
Let h(x) be the third derivative of -x**4/12 - x**3 - 2*x**2. Suppose -r = 3*p + 21, -4*p - 18*r - 12 = -22*r. Calculate h(p).
6
Suppose -5*j + 3*b + 12 = 27, -13 = -2*j + 5*b. Let m(d) = -3*d - 12. Calculate m(j).
6
Let d(h) = -1 - 89*h - 3*h + 30*h + 16*h. Determine d(-1).
45
Let a(w) = -19*w**3 - 1. Let d = -7 + 8. Let l be (-2)/(3 + d + -6). Determine a(l).
-20
Suppose 0*q + 28 = -7*q. Let s be (q + 5)/((-1)/7). Let t(w) = 3*w + 8. Give t(s).
-13
Let y(t) = 0 + 3 - 2 - 23 + 2*t + 1. What is y(14)?
7
Let f(b) = 2*b + 17. Let v = 690 - 697. What is f(v)?
3
Let o(q) be the first derivative of -q**7/840 - q**6/72 - q**5/30 + q**4/24 + 10*q**3/3 - 2. Let i(z) be the third derivative of o(z). What is i(-4)?
1
Suppose s + j = 0, -4*j + 1 = s + 4. Let w(r) be the first derivative of -s - 1/3*r**3 - 3/2*r**2 + 5*r. What is w(-6)?
-13
Let k(d) = -d**2 - 6*d - 3. Let q be 2/3 - (-4)/3. Suppose -4*z - z - 3*v = -22, q*z + 12 = 4*v. Suppose -7*r = -3*r, -3*w - 12 = -z*r. Give k(w).
5
Let q(y) = 3*y + 3*y**2 + 0*y**2 - y. Let p(l) be the third derivative of -5*l**4/24 - 37*l**3/6 + 28*l**2. Let i be p(-7). Determine q(i).
8
Suppose g + 2*f = 7, 0*g + 2*f = -4*g + 34. Suppose 0 = -g*q - 7*q - 0*q. Let a(v) be the first derivative of -v**4/4 - 7*v + 2. Give a(q).
-7
Suppose 7*y - 12*y - 44 = 6*y. Suppose 2*h = -2*h + 8. Let r(o) = h*o - 1 + 2*o + 4. What is r(y)?
-13
Let d(a) be the first derivative of -a**3/3 + 10*a**2 - 16*a + 515. Give d(19).
3
Let i = 5 - 8. Let n(c) = c**3 - 15*c**2 - 15*c - 34. Let t be n(17). Let f(k) = -4*k + t*k**3 + 2*k - 288*k**3 + 2*k**2. Determine f(i).
-3
Suppose 3*z + 0*z = 30. Let k(b) = z - 9*b + 14*b - 12*b - b**2. Calculate k(-7).
10
Let t(y) be the first derivative of y**3 + 4*y - 8 + 1/4*y**4 - 1/2*y**2. Determine t(-4).
-8
Let n(o) = 2 + 0*o**2 + 2*o**2 + 10 + 0*o**2 - 9*o. Let g(w) = -w**2 + 4*w - 6. Let v(t) = 5*g(t) + 3*n(t). Calculate v(6).
0
Let m(f) = -f + 2. Let y be 3 + (6 - 3 - -3). Suppose 1 = 5*j - y. Suppose 0 = -c - j*c. What is m(c)?
2
Let h(x) = -x**2 + 6*x + 72. Let u be h(-6). Let q(o) = -o**3 + o + 15. Give q(u).
15
Let u = -22 + 16. Let w(s) be the third derivative of -s**5/60 - 7*s**4/24 + s**3/6 + 2*s**2 - 964. Give w(u).
7
Let c(v) = -v**3 + 8*v**2 + 8*v + 13. Suppose -3*l = -t - 28, 8*l - 6*l = -3*t + 15. Give c(l).
4
Let x(y) be the second derivative of -y**3/6 + y**2/2 - 42*y. Let r be x(2). Let p(q) = 5*q**2 - 1. Determine p(r).
4
Suppose 2*x + 3*f = 3 + 1, x - 2 = -5*f. Let w(d) = 2*d**x + 2 + 14*d + d**3 - 4*d - 13*d. Determine w(2).
12
Let w be -4 + 0/((-1)/(3/6)). Let s(j) = 2*j + 5. Calculate s(w).
-3
Let x(t) = -t**2 - 7*t - 10. Suppose -2*s - 27*d + 25*d - 14 = 0, 3*d = 3*s + 3. Calculate x(s).
2
Let r(c) be the first derivative of -c**4/4 + c**3/3 - c**2/2 + 4*c + 371. Determine r(0).
4
Let k(y) = -6*y + 1. Let f(h) = -13*h + 1. Let a(d) = 3*f(d) - 7*k(d). Suppose 56*j - 51*j - 25 = 0. What is a(j)?
11
Let n(a) = -5*a**2 - 7*a - 8. Let o(y) = y**2 - y. Suppose i + 9 = 3*u, 2*u - 6*u + 14 = -2*i. Let s(q) = i*o(q) - n(q). Give s(-6).
20
Let g(j) be the first derivative of 1 - j**3 + 1/2*j**2 + 0*j. Let k(m) = m**3 - 23*m**2 - 63*m + 324. Let z be k(25). Determine g(z).
-4
Let m(n) be the third derivative of n**5/60 - 7*n**4/24 + 7*n**3/6 - 69*n**2 + n. Let q be 1 + 7 - (5 - 3). Determine m(q).
1
Let f(s) = -2*s + 14. Suppose 33*c = 24*c - 31*c. What is f(c)?
14
Let t(s) = -s**3 + 4*s + 8. Let x be t(3). Let q(o) = 6*o - 9. What is q(x)?
-51
Suppose -6*d = 5*v - d, -15 = 5*d. Let h(n) = -8*n - 4*n - n**v + 15*n + 2 + 4*n**2. Determine h(5).
-8
Suppose 0 = -5*h - 19 - 6. Let s(n) = 4*n**2 + 8569 - 8569 - 5*n +